{"id":3285,"date":"2018-04-05T12:20:17","date_gmt":"2018-04-05T12:20:17","guid":{"rendered":"http:\/\/victoria-ig.de\/?page_id=3285"},"modified":"2018-04-05T12:23:29","modified_gmt":"2018-04-05T12:23:29","slug":"jahrestreffen-2018-4-victoria-treffen-brogar-daenemark","status":"publish","type":"page","link":"https:\/\/victoria-ig.de\/?page_id=3285","title":{"rendered":"Treffen 2018 &#8211; 4. Victoria Treffen Brogar\/D\u00e4nemark"},"content":{"rendered":"<div class=\"entry-content\">\n<p><strong>Samstag, 12. Mai 2018<\/strong><\/p>\n<p>Speziell f\u00fcr die Nordlichter m\u00f6chte unser d\u00e4nischer Victoria IG-Kollege und Kontaktmann f\u00fcr D\u00e4nemark Peder Pedersen sein 4. Victoria Treffen ausrichten. Peder wird unterst\u00fctzt durch die Victoria-Freunde des Victoria-Klub-Danmark.<a href=\"https:\/\/victoria-ig.de\/wp-content\/uploads\/2018\/03\/daenemark.flagge.jpg\"><img loading=\"lazy\" decoding=\"async\" class=\"aligncenter size-medium wp-image-3209\" src=\"https:\/\/victoria-ig.de\/wp-content\/uploads\/2018\/03\/daenemark.flagge-300x300.jpg\" sizes=\"auto, (max-width: 300px) 100vw, 300px\" srcset=\"https:\/\/victoria-ig.de\/wp-content\/uploads\/2018\/03\/daenemark.flagge-300x300.jpg 300w, https:\/\/victoria-ig.de\/wp-content\/uploads\/2018\/03\/daenemark.flagge-150x150.jpg 150w, https:\/\/victoria-ig.de\/wp-content\/uploads\/2018\/03\/daenemark.flagge-768x768.jpg 768w, https:\/\/victoria-ig.de\/wp-content\/uploads\/2018\/03\/daenemark.flagge.jpg 1000w\" alt=\"\" width=\"300\" height=\"300\" \/><\/a>Angedacht ist ein einfaches Treffen mit Ausfahrt in die Region. Fr\u00fchst\u00fcck, Lunchpaket und Abendessen werden angeboten.<\/p>\n<p>Wer m\u00f6chte, kann ab Freitag, 11. Mai ca.13 Uhr eintreffen und am Treffenplatz campen. Hotel oder Zimmer sind im Raum Flensburg g\u00fcnstig buchbar.<\/p>\n<p>Eine Anmeldung zum Treffen ist wegen der Verpflegung erforderlich.<\/p>\n<p>Wer an der Gemeinschaftsverpflegung teilnehmen m\u00f6chte, sollte sich bis zum 25. April 2018 gemeldet haben.<\/p>\n<p>Anreise an die Ortschaft\u00a0<strong>BROAGER bei Flensburg<\/strong>. (ca. 10 km von der deutsch\/d\u00e4nischen Grenze entfernt).<a href=\"https:\/\/victoria-ig.de\/wp-content\/uploads\/2018\/03\/DK-01.jpg\"><img loading=\"lazy\" decoding=\"async\" class=\"aligncenter size-medium wp-image-3210\" src=\"https:\/\/victoria-ig.de\/wp-content\/uploads\/2018\/03\/DK-01-300x225.jpg\" sizes=\"auto, (max-width: 300px) 100vw, 300px\" srcset=\"https:\/\/victoria-ig.de\/wp-content\/uploads\/2018\/03\/DK-01-300x225.jpg 300w, https:\/\/victoria-ig.de\/wp-content\/uploads\/2018\/03\/DK-01-768x576.jpg 768w, https:\/\/victoria-ig.de\/wp-content\/uploads\/2018\/03\/DK-01-1024x768.jpg 1024w\" alt=\"\" width=\"300\" height=\"225\" \/><\/a><\/p>\n<p><strong>\u00dcbernachtungsm\u00f6glichkeiten\u00a0<\/strong><strong>und Pensionszimmer\u00a0<\/strong>bitte bei Peder Pedersen oder Edgar K\u00f6hnke nachfragen (Adressen und Tel. siehe unten)<strong>\u00a0<\/strong><\/p>\n<p><strong>Anschrift f\u00fcr den Treffpunkt:<\/strong><\/p>\n<p>Smedevej 1, DK-6310 Broager<\/p>\n<p>Weitere Ausk\u00fcnfte und Anmeldungen bitte an<\/p>\n<p>Peder Pedersen, Tel. 0045 74 44 11 22<\/p>\n<p>E-Mail: peder.pedersen@victoria-bike-ig.com<\/p>\n<p>oder Edgar K\u00f6hnke, Tel. 0481 421 20 35<\/p>\n<p>E-Mail: edgar.koehnke@victoria-ig.de<\/p>\n<p><a href=\"https:\/\/victoria-ig.de\/wp-content\/uploads\/2018\/03\/DK02.jpg\"><img loading=\"lazy\" decoding=\"async\" class=\"aligncenter size-medium wp-image-3208\" src=\"https:\/\/victoria-ig.de\/wp-content\/uploads\/2018\/03\/DK02-300x225.jpg\" sizes=\"auto, (max-width: 300px) 100vw, 300px\" srcset=\"https:\/\/victoria-ig.de\/wp-content\/uploads\/2018\/03\/DK02-300x225.jpg 300w, https:\/\/victoria-ig.de\/wp-content\/uploads\/2018\/03\/DK02-768x576.jpg 768w, https:\/\/victoria-ig.de\/wp-content\/uploads\/2018\/03\/DK02-1024x768.jpg 1024w\" alt=\"\" width=\"300\" height=\"225\" \/><\/a>Jede Victoria ist willkommen, auch mit anderen Marken d\u00fcrft ihr nat\u00fcrlich gerne erscheinen.<\/p>\n<p><em>Gloria Victoria aus dem Norden!<\/em><\/p>\n<\/div>\n","protected":false},"excerpt":{"rendered":"<p>Samstag, 12. Mai 2018 Speziell f\u00fcr die Nordlichter m\u00f6chte unser d\u00e4nischer Victoria IG-Kollege und Kontaktmann f\u00fcr D\u00e4nemark Peder Pedersen sein 4. Victoria Treffen ausrichten. Peder wird unterst\u00fctzt durch die Victoria-Freunde des Victoria-Klub-Danmark.Angedacht ist ein einfaches Treffen mit Ausfahrt in die Region. Fr\u00fchst\u00fcck, Lunchpaket und Abendessen werden angeboten. Wer m\u00f6chte, kann ab Freitag, 11. Mai ca.13 &hellip; <a href=\"https:\/\/victoria-ig.de\/?page_id=3285\" class=\"more-link\"><span class=\"screen-reader-text\">Treffen 2018 &#8211; 4. Victoria Treffen Brogar\/D\u00e4nemark<\/span> weiterlesen<\/a><\/p>\n","protected":false},"author":1,"featured_media":0,"parent":0,"menu_order":0,"comment_status":"closed","ping_status":"closed","template":"","meta":{"footnotes":""},"class_list":["post-3285","page","type-page","status-publish","hentry"],"_links":{"self":[{"href":"https:\/\/victoria-ig.de\/index.php?rest_route=\/wp\/v2\/pages\/3285","targetHints":{"allow":["GET"]}}],"collection":[{"href":"https:\/\/victoria-ig.de\/index.php?rest_route=\/wp\/v2\/pages"}],"about":[{"href":"https:\/\/victoria-ig.de\/index.php?rest_route=\/wp\/v2\/types\/page"}],"author":[{"embeddable":true,"href":"https:\/\/victoria-ig.de\/index.php?rest_route=\/wp\/v2\/users\/1"}],"replies":[{"embeddable":true,"href":"https:\/\/victoria-ig.de\/index.php?rest_route=%2Fwp%2Fv2%2Fcomments&post=3285"}],"version-history":[{"count":0,"href":"https:\/\/victoria-ig.de\/index.php?rest_route=\/wp\/v2\/pages\/3285\/revisions"}],"wp:attachment":[{"href":"https:\/\/victoria-ig.de\/index.php?rest_route=%2Fwp%2Fv2%2Fmedia&parent=3285"}],"curies":[{"name":"wp","href":"https:\/\/api.w.org\/{rel}","templated":true}]}}