{"id":267,"date":"2017-08-05T12:22:01","date_gmt":"2017-08-05T12:22:01","guid":{"rendered":"http:\/\/ig-victoria.de\/?page_id=267"},"modified":"2025-03-17T05:39:13","modified_gmt":"2025-03-17T05:39:13","slug":"links","status":"publish","type":"page","link":"https:\/\/victoria-ig.de\/?page_id=267","title":{"rendered":"Links"},"content":{"rendered":"<h2 class=\"art-postheader\"><span class=\"componentheading\">Weblinks<\/span><\/h2>\n<p>Wir sind regelm\u00e4\u00dfig im Web unterwegs und auf der Suche nach neuen wichtigen und gro\u00dfartigen Webseiten. Hier findet man unsere Linksammlung, die wir zusammengestellt haben.<\/p>\n<p><a href=\"https:\/\/victoria-ig.de\/?page_id=269\">Victoria<\/a><\/p>\n<p><a href=\"https:\/\/victoria-ig.de\/?page_id=271\">Szene<\/a><\/p>\n<p><a href=\"https:\/\/victoria-ig.de\/?page_id=275\">M\u00e4rkte<\/a><\/p>\n<p><a href=\"https:\/\/victoria-ig.de\/?page_id=277\">Technik<\/a><\/p>\n<p><a href=\"https:\/\/victoria-ig.de\/?page_id=279\">Werkstatt<\/a><\/p>\n<p><a href=\"https:\/\/victoria-ig.de\/?page_id=281\">Lackierung<\/a><\/p>\n<p><a href=\"https:\/\/victoria-ig.de\/?page_id=283\">Bekleidung<\/a><\/p>\n<p><a href=\"https:\/\/victoria-ig.de\/?page_id=285\">Museum<\/a><\/p>\n<p><a href=\"https:\/\/victoria-ig.de\/?page_id=287\">Literatur<\/a><\/p>\n<p><a href=\"https:\/\/victoria-ig.de\/?page_id=289\">Zubeh\u00f6r<\/a><\/p>\n","protected":false},"excerpt":{"rendered":"<p>Weblinks Wir sind regelm\u00e4\u00dfig im Web unterwegs und auf der Suche nach neuen wichtigen und gro\u00dfartigen Webseiten. Hier findet man unsere Linksammlung, die wir zusammengestellt haben. Victoria Szene M\u00e4rkte Technik Werkstatt Lackierung Bekleidung Museum Literatur Zubeh\u00f6r<\/p>\n","protected":false},"author":1,"featured_media":0,"parent":0,"menu_order":0,"comment_status":"closed","ping_status":"closed","template":"","meta":{"footnotes":""},"class_list":["post-267","page","type-page","status-publish","hentry"],"_links":{"self":[{"href":"https:\/\/victoria-ig.de\/index.php?rest_route=\/wp\/v2\/pages\/267","targetHints":{"allow":["GET"]}}],"collection":[{"href":"https:\/\/victoria-ig.de\/index.php?rest_route=\/wp\/v2\/pages"}],"about":[{"href":"https:\/\/victoria-ig.de\/index.php?rest_route=\/wp\/v2\/types\/page"}],"author":[{"embeddable":true,"href":"https:\/\/victoria-ig.de\/index.php?rest_route=\/wp\/v2\/users\/1"}],"replies":[{"embeddable":true,"href":"https:\/\/victoria-ig.de\/index.php?rest_route=%2Fwp%2Fv2%2Fcomments&post=267"}],"version-history":[{"count":1,"href":"https:\/\/victoria-ig.de\/index.php?rest_route=\/wp\/v2\/pages\/267\/revisions"}],"predecessor-version":[{"id":232590,"href":"https:\/\/victoria-ig.de\/index.php?rest_route=\/wp\/v2\/pages\/267\/revisions\/232590"}],"wp:attachment":[{"href":"https:\/\/victoria-ig.de\/index.php?rest_route=%2Fwp%2Fv2%2Fmedia&parent=267"}],"curies":[{"name":"wp","href":"https:\/\/api.w.org\/{rel}","templated":true}]}}