{"id":222456,"date":"2025-01-06T15:09:40","date_gmt":"2025-01-06T15:09:40","guid":{"rendered":"https:\/\/victoria-ig.de\/?page_id=222456"},"modified":"2025-01-06T15:45:49","modified_gmt":"2025-01-06T15:45:49","slug":"jahrestreffen-2025","status":"publish","type":"page","link":"https:\/\/victoria-ig.de\/?page_id=222456","title":{"rendered":"Jahrestreffen 2025"},"content":{"rendered":"<p><strong><a href=\"https:\/\/victoria-ig.de\/wp-content\/uploads\/2025\/01\/1.jpg\" target=\"_blank\" rel=\"noopener\"><img loading=\"lazy\" decoding=\"async\" class=\"aligncenter wp-image-222146 size-medium\" src=\"https:\/\/victoria-ig.de\/wp-content\/uploads\/2025\/01\/1-300x128.jpg\" alt=\"\" width=\"300\" height=\"128\" srcset=\"https:\/\/victoria-ig.de\/wp-content\/uploads\/2025\/01\/1-300x128.jpg 300w, https:\/\/victoria-ig.de\/wp-content\/uploads\/2025\/01\/1-1024x437.jpg 1024w, https:\/\/victoria-ig.de\/wp-content\/uploads\/2025\/01\/1-768x328.jpg 768w, https:\/\/victoria-ig.de\/wp-content\/uploads\/2025\/01\/1-1536x655.jpg 1536w, https:\/\/victoria-ig.de\/wp-content\/uploads\/2025\/01\/1-650x277.jpg 650w, https:\/\/victoria-ig.de\/wp-content\/uploads\/2025\/01\/1-310x132.jpg 310w, https:\/\/victoria-ig.de\/wp-content\/uploads\/2025\/01\/1-150x64.jpg 150w, https:\/\/victoria-ig.de\/wp-content\/uploads\/2025\/01\/1.jpg 1571w\" sizes=\"auto, (max-width: 300px) 100vw, 300px\" \/><\/a><\/strong><strong>Die Miehlener Victoria-Sektion ist bereit ein viertes Mal nach1995, 2005 und 2015 <\/strong>also erneut nach 10 Jahren, wieder die Ausrichtung des Treffens zu \u00fcbernehmen.<a href=\"https:\/\/victoria-ig.de\/wp-content\/uploads\/2025\/01\/5-scaled.jpg\" target=\"_blank\" rel=\"noopener\"><img loading=\"lazy\" decoding=\"async\" class=\"aligncenter wp-image-222150 size-medium\" src=\"https:\/\/victoria-ig.de\/wp-content\/uploads\/2025\/01\/5-300x200.jpg\" alt=\"\" width=\"300\" height=\"200\" srcset=\"https:\/\/victoria-ig.de\/wp-content\/uploads\/2025\/01\/5-300x200.jpg 300w, https:\/\/victoria-ig.de\/wp-content\/uploads\/2025\/01\/5-1024x683.jpg 1024w, https:\/\/victoria-ig.de\/wp-content\/uploads\/2025\/01\/5-768x512.jpg 768w, https:\/\/victoria-ig.de\/wp-content\/uploads\/2025\/01\/5-1536x1024.jpg 1536w, https:\/\/victoria-ig.de\/wp-content\/uploads\/2025\/01\/5-2048x1365.jpg 2048w, https:\/\/victoria-ig.de\/wp-content\/uploads\/2025\/01\/5-450x300.jpg 450w, https:\/\/victoria-ig.de\/wp-content\/uploads\/2025\/01\/5-310x207.jpg 310w, https:\/\/victoria-ig.de\/wp-content\/uploads\/2025\/01\/5-150x100.jpg 150w\" sizes=\"auto, (max-width: 300px) 100vw, 300px\" \/><\/a>Mehrere Pavillons direkt am B\u00fcrgerhaus bieten Euch einen angenehmen Aufenthalt f\u00fcr Benzingespr\u00e4che und zum Platznehmen, um das angebotene Essen und die Getr\u00e4nke zu genie\u00dfen.<\/p>\n<p><a href=\"https:\/\/victoria-ig.de\/wp-content\/uploads\/2025\/01\/6-scaled.jpg\" target=\"_blank\" rel=\"noopener\"><img loading=\"lazy\" decoding=\"async\" class=\"aligncenter wp-image-222151 size-medium\" src=\"https:\/\/victoria-ig.de\/wp-content\/uploads\/2025\/01\/6-300x225.jpg\" alt=\"\" width=\"300\" height=\"225\" srcset=\"https:\/\/victoria-ig.de\/wp-content\/uploads\/2025\/01\/6-300x225.jpg 300w, https:\/\/victoria-ig.de\/wp-content\/uploads\/2025\/01\/6-1024x768.jpg 1024w, https:\/\/victoria-ig.de\/wp-content\/uploads\/2025\/01\/6-768x576.jpg 768w, https:\/\/victoria-ig.de\/wp-content\/uploads\/2025\/01\/6-1536x1152.jpg 1536w, https:\/\/victoria-ig.de\/wp-content\/uploads\/2025\/01\/6-2048x1536.jpg 2048w, https:\/\/victoria-ig.de\/wp-content\/uploads\/2025\/01\/6-400x300.jpg 400w, https:\/\/victoria-ig.de\/wp-content\/uploads\/2025\/01\/6-310x233.jpg 310w, https:\/\/victoria-ig.de\/wp-content\/uploads\/2025\/01\/6-140x105.jpg 140w\" sizes=\"auto, (max-width: 300px) 100vw, 300px\" \/><\/a>Auf einem gro\u00dfen, befestigten Parkplatz k\u00f6nnen Wohnmobile, PKWs und Anh\u00e4nger abgestellt werden und Zeltm\u00f6glichkeit ist ebenfalls direkt am B\u00fcrgerhaus vorhanden.<\/p>\n<p><a href=\"https:\/\/victoria-ig.de\/wp-content\/uploads\/2025\/01\/3.jpg\" target=\"_blank\" rel=\"noopener\"><img loading=\"lazy\" decoding=\"async\" class=\"aligncenter wp-image-222148 size-medium\" src=\"https:\/\/victoria-ig.de\/wp-content\/uploads\/2025\/01\/3-300x161.jpg\" alt=\"\" width=\"300\" height=\"161\" srcset=\"https:\/\/victoria-ig.de\/wp-content\/uploads\/2025\/01\/3-300x161.jpg 300w, https:\/\/victoria-ig.de\/wp-content\/uploads\/2025\/01\/3-1024x551.jpg 1024w, https:\/\/victoria-ig.de\/wp-content\/uploads\/2025\/01\/3-768x413.jpg 768w, https:\/\/victoria-ig.de\/wp-content\/uploads\/2025\/01\/3-558x300.jpg 558w, https:\/\/victoria-ig.de\/wp-content\/uploads\/2025\/01\/3-310x167.jpg 310w, https:\/\/victoria-ig.de\/wp-content\/uploads\/2025\/01\/3-150x81.jpg 150w, https:\/\/victoria-ig.de\/wp-content\/uploads\/2025\/01\/3.jpg 1260w\" sizes=\"auto, (max-width: 300px) 100vw, 300px\" \/><\/a>Ein Teilemarkt nach der Ausfahrt am Samstag-nachmittag f\u00fcr alle Anbieter, die Zweiradteile oder Fahrzeuge zum Verkauf anbieten m\u00f6chten, soll wie gewohnt stattfinden.<a href=\"https:\/\/victoria-ig.de\/wp-content\/uploads\/2025\/01\/4.jpg\" target=\"_blank\" rel=\"noopener\"><img loading=\"lazy\" decoding=\"async\" class=\"aligncenter wp-image-222149 size-medium\" src=\"https:\/\/victoria-ig.de\/wp-content\/uploads\/2025\/01\/4-300x200.jpg\" alt=\"\" width=\"300\" height=\"200\" srcset=\"https:\/\/victoria-ig.de\/wp-content\/uploads\/2025\/01\/4-300x200.jpg 300w, https:\/\/victoria-ig.de\/wp-content\/uploads\/2025\/01\/4-1024x683.jpg 1024w, https:\/\/victoria-ig.de\/wp-content\/uploads\/2025\/01\/4-768x512.jpg 768w, https:\/\/victoria-ig.de\/wp-content\/uploads\/2025\/01\/4-1536x1024.jpg 1536w, https:\/\/victoria-ig.de\/wp-content\/uploads\/2025\/01\/4-450x300.jpg 450w, https:\/\/victoria-ig.de\/wp-content\/uploads\/2025\/01\/4-310x207.jpg 310w, https:\/\/victoria-ig.de\/wp-content\/uploads\/2025\/01\/4-150x100.jpg 150w, https:\/\/victoria-ig.de\/wp-content\/uploads\/2025\/01\/4.jpg 1575w\" sizes=\"auto, (max-width: 300px) 100vw, 300px\" \/><\/a><\/p>\n<p><em>Die Miehlener freuen sich schon auf Euch und werden alles tun, damit Ihr Euch bei uns wohlf\u00fchlt!<\/em><\/p>\n<p><em>\u00a0<\/em>Da die \u00dcbernachtungsm\u00f6glichkeiten in Pensionen (Hotels k\u00f6nnen wir leider keine bieten) und Ferienwohnungen begrenzt sind, empfiehlt es sich fr\u00fch genug zu buchen.<\/p>\n\n<div class=\"wpcf7 no-js\" id=\"wpcf7-f222467-o1\" lang=\"de-DE\" dir=\"ltr\" data-wpcf7-id=\"222467\">\n<div class=\"screen-reader-response\"><p role=\"status\" aria-live=\"polite\" aria-atomic=\"true\"><\/p> <ul><\/ul><\/div>\n<form action=\"\/index.php?rest_route=%2Fwp%2Fv2%2Fpages%2F222456#wpcf7-f222467-o1\" method=\"post\" class=\"wpcf7-form init\" aria-label=\"Kontaktformular\" novalidate=\"novalidate\" data-status=\"init\">\n<fieldset class=\"hidden-fields-container\"><input type=\"hidden\" name=\"_wpcf7\" value=\"222467\" \/><input type=\"hidden\" name=\"_wpcf7_version\" value=\"6.1.5\" \/><input type=\"hidden\" name=\"_wpcf7_locale\" value=\"de_DE\" \/><input type=\"hidden\" name=\"_wpcf7_unit_tag\" value=\"wpcf7-f222467-o1\" \/><input type=\"hidden\" name=\"_wpcf7_container_post\" value=\"0\" \/><input type=\"hidden\" name=\"_wpcf7_posted_data_hash\" value=\"\" \/><input type=\"hidden\" name=\"_wpcf7_recaptcha_response\" value=\"\" \/>\n<\/fieldset>\n<p><label> Dein Name (Pflichtfeld)<br \/>\n<span class=\"wpcf7-form-control-wrap\" data-name=\"your-name\"><input size=\"40\" maxlength=\"400\" class=\"wpcf7-form-control wpcf7-text wpcf7-validates-as-required\" aria-required=\"true\" aria-invalid=\"false\" value=\"\" type=\"text\" name=\"your-name\" \/><\/span> <\/label>\n<\/p>\n<p><label> Deine E-Mail-Adresse (Pflichtfeld)<br \/>\n<span class=\"wpcf7-form-control-wrap\" data-name=\"your-email\"><input size=\"40\" maxlength=\"400\" class=\"wpcf7-form-control wpcf7-email wpcf7-validates-as-required wpcf7-text wpcf7-validates-as-email\" aria-required=\"true\" aria-invalid=\"false\" value=\"\" type=\"email\" name=\"your-email\" \/><\/span> <\/label>\n<\/p>\n<p><label> Betreff Anmeldung Jahrestreffen 2025<br \/>\n<span class=\"wpcf7-form-control-wrap\" data-name=\"your-subject\"><input size=\"40\" maxlength=\"400\" class=\"wpcf7-form-control wpcf7-text\" aria-invalid=\"false\" value=\"\" type=\"text\" name=\"your-subject\" \/><\/span> <\/label>\n<\/p>\n<p><label> Deine Nachricht<br \/>\n<span class=\"wpcf7-form-control-wrap\" data-name=\"your-message\"><textarea cols=\"40\" rows=\"10\" maxlength=\"2000\" class=\"wpcf7-form-control wpcf7-textarea\" aria-invalid=\"false\" name=\"your-message\"><\/textarea><\/span> <\/label>\n<\/p>\n<p><span class=\"wpcf7-form-control-wrap wpgdprc\"><span class=\"wpcf7-form-control wpcf7-wpgdprc wpcf7-validates-as-required\"><span class=\"wpcf7-list-item\"><input type=\"checkbox\" name=\"wpgdprc\" value=\"1\" aria-required=\"true\" aria-invalid=\"false\" \/><span class=\"wpcf7-list-item-label\">Mit der Nutzung dieses Formulars erkl\u00e4rst du dich mit der Speicherung und Verarbeitung deiner Daten durch diese Website einverstanden.<\/span><\/span><\/span>    <\/span>\n<\/p>\n<p><input class=\"wpcf7-form-control wpcf7-submit has-spinner\" type=\"submit\" value=\"Senden\" \/>\n<\/p>\n\n<p><span class=\"wpcf7-form-control-wrap\" data-name=\"email-552\"><input size=\"40\" maxlength=\"400\" class=\"wpcf7-form-control wpcf7-email wpcf7-text wpcf7-validates-as-email\" aria-invalid=\"false\" value=\"\" type=\"email\" name=\"email-552\" \/><\/span>\n<\/p><div class=\"wpcf7-response-output\" aria-hidden=\"true\"><\/div>\n<\/form>\n<\/div>\n\n","protected":false},"excerpt":{"rendered":"<p>Die Miehlener Victoria-Sektion ist bereit ein viertes Mal nach1995, 2005 und 2015 also erneut nach 10 Jahren, wieder die Ausrichtung des Treffens zu \u00fcbernehmen.Mehrere Pavillons direkt am B\u00fcrgerhaus bieten Euch einen angenehmen Aufenthalt f\u00fcr Benzingespr\u00e4che und zum Platznehmen, um das angebotene Essen und die Getr\u00e4nke zu genie\u00dfen. Auf einem gro\u00dfen, befestigten Parkplatz k\u00f6nnen Wohnmobile, PKWs &hellip; <a href=\"https:\/\/victoria-ig.de\/?page_id=222456\" class=\"more-link\"><span class=\"screen-reader-text\">Jahrestreffen 2025<\/span> weiterlesen<\/a><\/p>\n","protected":false},"author":1,"featured_media":0,"parent":0,"menu_order":0,"comment_status":"closed","ping_status":"closed","template":"","meta":{"footnotes":""},"class_list":["post-222456","page","type-page","status-publish","hentry"],"_links":{"self":[{"href":"https:\/\/victoria-ig.de\/index.php?rest_route=\/wp\/v2\/pages\/222456","targetHints":{"allow":["GET"]}}],"collection":[{"href":"https:\/\/victoria-ig.de\/index.php?rest_route=\/wp\/v2\/pages"}],"about":[{"href":"https:\/\/victoria-ig.de\/index.php?rest_route=\/wp\/v2\/types\/page"}],"author":[{"embeddable":true,"href":"https:\/\/victoria-ig.de\/index.php?rest_route=\/wp\/v2\/users\/1"}],"replies":[{"embeddable":true,"href":"https:\/\/victoria-ig.de\/index.php?rest_route=%2Fwp%2Fv2%2Fcomments&post=222456"}],"version-history":[{"count":3,"href":"https:\/\/victoria-ig.de\/index.php?rest_route=\/wp\/v2\/pages\/222456\/revisions"}],"predecessor-version":[{"id":222472,"href":"https:\/\/victoria-ig.de\/index.php?rest_route=\/wp\/v2\/pages\/222456\/revisions\/222472"}],"wp:attachment":[{"href":"https:\/\/victoria-ig.de\/index.php?rest_route=%2Fwp%2Fv2%2Fmedia&parent=222456"}],"curies":[{"name":"wp","href":"https:\/\/api.w.org\/{rel}","templated":true}]}}

<p><strong><a href="https://victoria-ig.de/wp-content/uploads/2025/01/1.jpg" target="_blank" rel="noopener"><img loading="lazy" decoding="async" class="aligncenter wp-image-222146 size-medium" src="https://victoria-ig.de/wp-content/uploads/2025/01/1-300x128.jpg" alt="" width="300" height="128" srcset="https://victoria-ig.de/wp-content/uploads/2025/01/1-300x128.jpg 300w, https://victoria-ig.de/wp-content/uploads/2025/01/1-1024x437.jpg 1024w, https://victoria-ig.de/wp-content/uploads/2025/01/1-768x328.jpg 768w, https://victoria-ig.de/wp-content/uploads/2025/01/1-1536x655.jpg 1536w, https://victoria-ig.de/wp-content/uploads/2025/01/1-650x277.jpg 650w, https://victoria-ig.de/wp-content/uploads/2025/01/1-310x132.jpg 310w, https://victoria-ig.de/wp-content/uploads/2025/01/1-150x64.jpg 150w, https://victoria-ig.de/wp-content/uploads/2025/01/1.jpg 1571w" sizes="auto, (max-width: 300px) 100vw, 300px" /></a></strong><strong>Die Miehlener Victoria-Sektion ist bereit ein viertes Mal nach1995, 2005 und 2015 </strong>also erneut nach 10 Jahren, wieder die Ausrichtung des Treffens zu übernehmen.<a href="https://victoria-ig.de/wp-content/uploads/2025/01/5-scaled.jpg" target="_blank" rel="noopener"><img loading="lazy" decoding="async" class="aligncenter wp-image-222150 size-medium" src="https://victoria-ig.de/wp-content/uploads/2025/01/5-300x200.jpg" alt="" width="300" height="200" srcset="https://victoria-ig.de/wp-content/uploads/2025/01/5-300x200.jpg 300w, https://victoria-ig.de/wp-content/uploads/2025/01/5-1024x683.jpg 1024w, https://victoria-ig.de/wp-content/uploads/2025/01/5-768x512.jpg 768w, https://victoria-ig.de/wp-content/uploads/2025/01/5-1536x1024.jpg 1536w, https://victoria-ig.de/wp-content/uploads/2025/01/5-2048x1365.jpg 2048w, https://victoria-ig.de/wp-content/uploads/2025/01/5-450x300.jpg 450w, https://victoria-ig.de/wp-content/uploads/2025/01/5-310x207.jpg 310w, https://victoria-ig.de/wp-content/uploads/2025/01/5-150x100.jpg 150w" sizes="auto, (max-width: 300px) 100vw, 300px" /></a>Mehrere Pavillons direkt am Bürgerhaus bieten Euch einen angenehmen Aufenthalt für Benzingespräche und zum Platznehmen, um das angebotene Essen und die Getränke zu genießen.</p>
<p><a href="https://victoria-ig.de/wp-content/uploads/2025/01/6-scaled.jpg" target="_blank" rel="noopener"><img loading="lazy" decoding="async" class="aligncenter wp-image-222151 size-medium" src="https://victoria-ig.de/wp-content/uploads/2025/01/6-300x225.jpg" alt="" width="300" height="225" srcset="https://victoria-ig.de/wp-content/uploads/2025/01/6-300x225.jpg 300w, https://victoria-ig.de/wp-content/uploads/2025/01/6-1024x768.jpg 1024w, https://victoria-ig.de/wp-content/uploads/2025/01/6-768x576.jpg 768w, https://victoria-ig.de/wp-content/uploads/2025/01/6-1536x1152.jpg 1536w, https://victoria-ig.de/wp-content/uploads/2025/01/6-2048x1536.jpg 2048w, https://victoria-ig.de/wp-content/uploads/2025/01/6-400x300.jpg 400w, https://victoria-ig.de/wp-content/uploads/2025/01/6-310x233.jpg 310w, https://victoria-ig.de/wp-content/uploads/2025/01/6-140x105.jpg 140w" sizes="auto, (max-width: 300px) 100vw, 300px" /></a>Auf einem großen, befestigten Parkplatz können Wohnmobile, PKWs und Anhänger abgestellt werden und Zeltmöglichkeit ist ebenfalls direkt am Bürgerhaus vorhanden.</p>
<p><a href="https://victoria-ig.de/wp-content/uploads/2025/01/3.jpg" target="_blank" rel="noopener"><img loading="lazy" decoding="async" class="aligncenter wp-image-222148 size-medium" src="https://victoria-ig.de/wp-content/uploads/2025/01/3-300x161.jpg" alt="" width="300" height="161" srcset="https://victoria-ig.de/wp-content/uploads/2025/01/3-300x161.jpg 300w, https://victoria-ig.de/wp-content/uploads/2025/01/3-1024x551.jpg 1024w, https://victoria-ig.de/wp-content/uploads/2025/01/3-768x413.jpg 768w, https://victoria-ig.de/wp-content/uploads/2025/01/3-558x300.jpg 558w, https://victoria-ig.de/wp-content/uploads/2025/01/3-310x167.jpg 310w, https://victoria-ig.de/wp-content/uploads/2025/01/3-150x81.jpg 150w, https://victoria-ig.de/wp-content/uploads/2025/01/3.jpg 1260w" sizes="auto, (max-width: 300px) 100vw, 300px" /></a>Ein Teilemarkt nach der Ausfahrt am Samstag-nachmittag für alle Anbieter, die Zweiradteile oder Fahrzeuge zum Verkauf anbieten möchten, soll wie gewohnt stattfinden.<a href="https://victoria-ig.de/wp-content/uploads/2025/01/4.jpg" target="_blank" rel="noopener"><img loading="lazy" decoding="async" class="aligncenter wp-image-222149 size-medium" src="https://victoria-ig.de/wp-content/uploads/2025/01/4-300x200.jpg" alt="" width="300" height="200" srcset="https://victoria-ig.de/wp-content/uploads/2025/01/4-300x200.jpg 300w, https://victoria-ig.de/wp-content/uploads/2025/01/4-1024x683.jpg 1024w, https://victoria-ig.de/wp-content/uploads/2025/01/4-768x512.jpg 768w, https://victoria-ig.de/wp-content/uploads/2025/01/4-1536x1024.jpg 1536w, https://victoria-ig.de/wp-content/uploads/2025/01/4-450x300.jpg 450w, https://victoria-ig.de/wp-content/uploads/2025/01/4-310x207.jpg 310w, https://victoria-ig.de/wp-content/uploads/2025/01/4-150x100.jpg 150w, https://victoria-ig.de/wp-content/uploads/2025/01/4.jpg 1575w" sizes="auto, (max-width: 300px) 100vw, 300px" /></a></p>
<p><em>Die Miehlener freuen sich schon auf Euch und werden alles tun, damit Ihr Euch bei uns wohlfühlt!</em></p>
<p><em> </em>Da die Übernachtungsmöglichkeiten in Pensionen (Hotels können wir leider keine bieten) und Ferienwohnungen begrenzt sind, empfiehlt es sich früh genug zu buchen.</p>

<div class="wpcf7 no-js" id="wpcf7-f222467-o1" lang="de-DE" dir="ltr" data-wpcf7-id="222467">
<div class="screen-reader-response"><p role="status" aria-live="polite" aria-atomic="true"></p> <ul></ul></div>
<form action="/index.php?rest_route=%2Fwp%2Fv2%2Fpages%2F222456#wpcf7-f222467-o1" method="post" class="wpcf7-form init" aria-label="Kontaktformular" novalidate="novalidate" data-status="init">
<fieldset class="hidden-fields-container"><input type="hidden" name="_wpcf7" value="222467" /><input type="hidden" name="_wpcf7_version" value="6.1.5" /><input type="hidden" name="_wpcf7_locale" value="de_DE" /><input type="hidden" name="_wpcf7_unit_tag" value="wpcf7-f222467-o1" /><input type="hidden" name="_wpcf7_container_post" value="0" /><input type="hidden" name="_wpcf7_posted_data_hash" value="" /><input type="hidden" name="_wpcf7_recaptcha_response" value="" />
</fieldset>
<p><label> Dein Name (Pflichtfeld)<br />
<span class="wpcf7-form-control-wrap" data-name="your-name"><input size="40" maxlength="400" class="wpcf7-form-control wpcf7-text wpcf7-validates-as-required" aria-required="true" aria-invalid="false" value="" type="text" name="your-name" /></span> </label>
</p>
<p><label> Deine E-Mail-Adresse (Pflichtfeld)<br />
<span class="wpcf7-form-control-wrap" data-name="your-email"><input size="40" maxlength="400" class="wpcf7-form-control wpcf7-email wpcf7-validates-as-required wpcf7-text wpcf7-validates-as-email" aria-required="true" aria-invalid="false" value="" type="email" name="your-email" /></span> </label>
</p>
<p><label> Betreff Anmeldung Jahrestreffen 2025<br />
<span class="wpcf7-form-control-wrap" data-name="your-subject"><input size="40" maxlength="400" class="wpcf7-form-control wpcf7-text" aria-invalid="false" value="" type="text" name="your-subject" /></span> </label>
</p>
<p><label> Deine Nachricht<br />
<span class="wpcf7-form-control-wrap" data-name="your-message"><textarea cols="40" rows="10" maxlength="2000" class="wpcf7-form-control wpcf7-textarea" aria-invalid="false" name="your-message"></textarea></span> </label>
</p>
<p><span class="wpcf7-form-control-wrap wpgdprc"><span class="wpcf7-form-control wpcf7-wpgdprc wpcf7-validates-as-required"><span class="wpcf7-list-item"><input type="checkbox" name="wpgdprc" value="1" aria-required="true" aria-invalid="false" /><span class="wpcf7-list-item-label">Mit der Nutzung dieses Formulars erklärst du dich mit der Speicherung und Verarbeitung deiner Daten durch diese Website einverstanden.</span></span></span>    </span>
</p>
<p><input class="wpcf7-form-control wpcf7-submit has-spinner" type="submit" value="Senden" />
</p>

<p><span class="wpcf7-form-control-wrap" data-name="email-552"><input size="40" maxlength="400" class="wpcf7-form-control wpcf7-email wpcf7-text wpcf7-validates-as-email" aria-invalid="false" value="" type="email" name="email-552" /></span>
</p><div class="wpcf7-response-output" aria-hidden="true"></div>
</form>
</div>

<p>Die Miehlener Victoria-Sektion ist bereit ein viertes Mal nach1995, 2005 und 2015 also erneut nach 10 Jahren, wieder die Ausrichtung des Treffens zu übernehmen.Mehrere Pavillons direkt am Bürgerhaus bieten Euch einen angenehmen Aufenthalt für Benzingespräche und zum Platznehmen, um das angebotene Essen und die Getränke zu genießen. Auf einem großen, befestigten Parkplatz können Wohnmobile, PKWs &hellip; <a href="https://victoria-ig.de/?page_id=222456" class="more-link"><span class="screen-reader-text">Jahrestreffen 2025</span> weiterlesen</a></p>
