{"id":1186,"date":"2017-08-27T20:17:48","date_gmt":"2017-08-27T20:17:48","guid":{"rendered":"http:\/\/victoria-ig.de\/?page_id=1186"},"modified":"2017-09-07T08:08:27","modified_gmt":"2017-09-07T08:08:27","slug":"vorstellung-uwe-hans-georg-habersetzer-kr-20-enln-aero-kr-25-s-kr-25-kr-25-hm-kr-2626-n","status":"publish","type":"page","link":"https:\/\/victoria-ig.de\/?page_id=1186","title":{"rendered":"Vorstellung: Uwe Hans-Georg Habersetzer &#8211; KR 20 EN\/LN, Aero KR 25 S, KR 25, KR 25 HM, KR 26\/26 N"},"content":{"rendered":"<p>Moin,<\/p>\n<p>mein Name ist Uwe Hans-Georg Habersetzer und ich wohne in einem kleinen Dorf bei Pinneberg in der N\u00e4he von Hamburg.<a href=\"https:\/\/victoria-ig.de\/wp-content\/uploads\/2017\/08\/Uwe.jpeg\"><img loading=\"lazy\" decoding=\"async\" class=\"aligncenter size-medium wp-image-1369\" src=\"https:\/\/victoria-ig.de\/wp-content\/uploads\/2017\/08\/Uwe-300x226.jpeg\" alt=\"\" width=\"300\" height=\"226\" srcset=\"https:\/\/victoria-ig.de\/wp-content\/uploads\/2017\/08\/Uwe-300x226.jpeg 300w, https:\/\/victoria-ig.de\/wp-content\/uploads\/2017\/08\/Uwe-768x579.jpeg 768w, https:\/\/victoria-ig.de\/wp-content\/uploads\/2017\/08\/Uwe.jpeg 876w\" sizes=\"auto, (max-width: 300px) 100vw, 300px\" \/><\/a>Meine erste Victoria kam 1985 in mein Leben. Mein alter Freund Heiner, mit dem ich 2000 mit einer KR25S Bj. \u00b438 und KR26 Bj.\u00b453 vom Hamburg nach M\u00fcnchen und danach 2002 L\u00fcttich \u2013 Mailand \u2013 L\u00fcttich gefahren bin, wollte seine KR26 verkaufen. Er hatte alle Teile restauriert und ich musste sie nur noch zusammensetzen. Der hatte sie mir echt auf geschnackt. Na ja, da fingen die Probleme an.<a href=\"https:\/\/victoria-ig.de\/wp-content\/uploads\/2017\/08\/uwe1.jpg\"><img loading=\"lazy\" decoding=\"async\" class=\"aligncenter size-medium wp-image-1188\" src=\"https:\/\/victoria-ig.de\/wp-content\/uploads\/2017\/08\/uwe1-300x225.jpg\" alt=\"\" width=\"300\" height=\"225\" srcset=\"https:\/\/victoria-ig.de\/wp-content\/uploads\/2017\/08\/uwe1-300x225.jpg 300w, https:\/\/victoria-ig.de\/wp-content\/uploads\/2017\/08\/uwe1-768x576.jpg 768w, https:\/\/victoria-ig.de\/wp-content\/uploads\/2017\/08\/uwe1-1024x768.jpg 1024w\" sizes=\"auto, (max-width: 300px) 100vw, 300px\" \/><\/a><\/p>\n<p>Der Motor wollte nicht so richtig. Es gab ja noch keine Interessen-Gemeinschaft die man fragen konnte und Internet lag auch noch in weiter Ferne, also musste man in Zeitungen suchen. Ich fand einen Thomas Heyl in Frankfurt \u00a0(Victoria IG Gr\u00fcnder) der Victoria Teile anbot und nahm mit ihm Kontakt auf. Mir wurde geholfen und das Moppet lief. So kam ich 1988 zur IG und nach 10 Schrauberjahren habe ich den Posten des Typenreferenten \u00fcbernommen.<a href=\"https:\/\/victoria-ig.de\/wp-content\/uploads\/2017\/08\/Uwe_M.jpeg\"><img loading=\"lazy\" decoding=\"async\" class=\"aligncenter size-medium wp-image-1370\" src=\"https:\/\/victoria-ig.de\/wp-content\/uploads\/2017\/08\/Uwe_M-300x225.jpeg\" alt=\"\" width=\"300\" height=\"225\" srcset=\"https:\/\/victoria-ig.de\/wp-content\/uploads\/2017\/08\/Uwe_M-300x225.jpeg 300w, https:\/\/victoria-ig.de\/wp-content\/uploads\/2017\/08\/Uwe_M-768x576.jpeg 768w, https:\/\/victoria-ig.de\/wp-content\/uploads\/2017\/08\/Uwe_M-1024x768.jpeg 1024w, https:\/\/victoria-ig.de\/wp-content\/uploads\/2017\/08\/Uwe_M.jpeg 1280w\" sizes=\"auto, (max-width: 300px) 100vw, 300px\" \/><\/a>Seit 1988 habe ich diverse Victorias aufgebaut und bin etliche Kilometer mit meiner KR26 gefahren, egal ob am Lago Maggiore in den Bergen mit 2 Mann oder bei der Drei- Fl\u00fcsse-Fahrt mit viel Gep\u00e4ck. Sie hat mich nie verlassen. In dieser Zeit habe ich in der\u00a0 Interessen-Gemeinschaft sehr viele Menschen kennen gelernt die heute mit zu meinen besten Freunden z\u00e4hlen. <a href=\"https:\/\/victoria-ig.de\/wp-content\/uploads\/2017\/08\/uwe2.jpg\"><img loading=\"lazy\" decoding=\"async\" class=\"aligncenter size-medium wp-image-1189\" src=\"https:\/\/victoria-ig.de\/wp-content\/uploads\/2017\/08\/uwe2-300x200.jpg\" alt=\"\" width=\"300\" height=\"200\" srcset=\"https:\/\/victoria-ig.de\/wp-content\/uploads\/2017\/08\/uwe2-300x200.jpg 300w, https:\/\/victoria-ig.de\/wp-content\/uploads\/2017\/08\/uwe2-768x512.jpg 768w, https:\/\/victoria-ig.de\/wp-content\/uploads\/2017\/08\/uwe2-1024x683.jpg 1024w\" sizes=\"auto, (max-width: 300px) 100vw, 300px\" \/><\/a>Wir sind zusammen Motorrad gefahren oder haben Messen veranstaltet um die Marke weiter zu beleben.\u00a0 \u201eVictoria macht Freunde\u201c k\u00f6nnte man meinen, aber so ist es.<\/p>\n<p>2001 und 2010 hatte ich ein Victoria Treffen veranstaltet. Meine S\u00f6hne (Nils und Ole) waren meine st\u00e4ndigen Begleiter in dieser Zeit und fahren beide auch Victoria.<a href=\"https:\/\/victoria-ig.de\/wp-content\/uploads\/2017\/08\/uwe3.jpg\"><img loading=\"lazy\" decoding=\"async\" class=\"aligncenter size-medium wp-image-1190\" src=\"https:\/\/victoria-ig.de\/wp-content\/uploads\/2017\/08\/uwe3-300x225.jpg\" alt=\"\" width=\"300\" height=\"225\" srcset=\"https:\/\/victoria-ig.de\/wp-content\/uploads\/2017\/08\/uwe3-300x225.jpg 300w, https:\/\/victoria-ig.de\/wp-content\/uploads\/2017\/08\/uwe3-768x576.jpg 768w, https:\/\/victoria-ig.de\/wp-content\/uploads\/2017\/08\/uwe3-1024x768.jpg 1024w, https:\/\/victoria-ig.de\/wp-content\/uploads\/2017\/08\/uwe3.jpg 1600w\" sizes=\"auto, (max-width: 300px) 100vw, 300px\" \/><\/a><\/p>\n<p>2016 waren wir zusammen auf der Isle of Man. Eine sch\u00f6nes Erlebnis.<\/p>\n<p>In den vielen Jahren hat sich der Virus, der da Victoria hei\u00dft, immer mehr in meinen schmalen K\u00f6rper vermehrt und freue mich das ich meine S\u00f6hne auch anstecken konnte.<\/p>\n","protected":false},"excerpt":{"rendered":"<p>Moin, mein Name ist Uwe Hans-Georg Habersetzer und ich wohne in einem kleinen Dorf bei Pinneberg in der N\u00e4he von Hamburg.Meine erste Victoria kam 1985 in mein Leben. Mein alter Freund Heiner, mit dem ich 2000 mit einer KR25S Bj. \u00b438 und KR26 Bj.\u00b453 vom Hamburg nach M\u00fcnchen und danach 2002 L\u00fcttich \u2013 Mailand \u2013 &hellip; <a href=\"https:\/\/victoria-ig.de\/?page_id=1186\" class=\"more-link\"><span class=\"screen-reader-text\">Vorstellung: Uwe Hans-Georg Habersetzer &#8211; KR 20 EN\/LN, Aero KR 25 S, KR 25, KR 25 HM, KR 26\/26 N<\/span> weiterlesen<\/a><\/p>\n","protected":false},"author":1,"featured_media":0,"parent":0,"menu_order":0,"comment_status":"closed","ping_status":"closed","template":"","meta":{"footnotes":""},"class_list":["post-1186","page","type-page","status-publish","hentry"],"_links":{"self":[{"href":"https:\/\/victoria-ig.de\/index.php?rest_route=\/wp\/v2\/pages\/1186","targetHints":{"allow":["GET"]}}],"collection":[{"href":"https:\/\/victoria-ig.de\/index.php?rest_route=\/wp\/v2\/pages"}],"about":[{"href":"https:\/\/victoria-ig.de\/index.php?rest_route=\/wp\/v2\/types\/page"}],"author":[{"embeddable":true,"href":"https:\/\/victoria-ig.de\/index.php?rest_route=\/wp\/v2\/users\/1"}],"replies":[{"embeddable":true,"href":"https:\/\/victoria-ig.de\/index.php?rest_route=%2Fwp%2Fv2%2Fcomments&post=1186"}],"version-history":[{"count":0,"href":"https:\/\/victoria-ig.de\/index.php?rest_route=\/wp\/v2\/pages\/1186\/revisions"}],"wp:attachment":[{"href":"https:\/\/victoria-ig.de\/index.php?rest_route=%2Fwp%2Fv2%2Fmedia&parent=1186"}],"curies":[{"name":"wp","href":"https:\/\/api.w.org\/{rel}","templated":true}]}}