{"id":1060,"date":"2017-08-17T06:42:10","date_gmt":"2017-08-17T06:42:10","guid":{"rendered":"http:\/\/victoria-ig.de\/?page_id=1060"},"modified":"2017-08-17T06:43:50","modified_gmt":"2017-08-17T06:43:50","slug":"victoria-treffen-spirit","status":"publish","type":"page","link":"https:\/\/victoria-ig.de\/?page_id=1060","title":{"rendered":"Victoria-Treffen-Spirit"},"content":{"rendered":"<p>Unbeschreiblich:<\/p>\n<h2><strong>Der Treffen-Spirit<\/strong><\/h2>\n<p>Was bedeutet das eigentlich: Victoria-Treffen? Welche Aura umgibt jedes dieser Treffen? Im Deutschen gibt es kein Wort, dass so viele zutreffende Begriffe in einem zusammenfasst. Daf\u00fcr muss ein Anglizismus bem\u00fcht werden, der all das in sich vereinigt, was eine Treffen-Aura ausmacht: SPIRIT \u2013 \u00fcbersetzt mit Geist, Seele, Stimmung, Sinn, Tatkraft, Mut, Temperament, Wesensart.<a href=\"https:\/\/victoria-ig.de\/wp-content\/uploads\/2017\/08\/treffen_2014_teilnehmer_IMG_4243.jpg\"><img loading=\"lazy\" decoding=\"async\" class=\"aligncenter size-medium wp-image-1057\" src=\"https:\/\/victoria-ig.de\/wp-content\/uploads\/2017\/08\/treffen_2014_teilnehmer_IMG_4243-300x116.jpg\" alt=\"\" width=\"300\" height=\"116\" srcset=\"https:\/\/victoria-ig.de\/wp-content\/uploads\/2017\/08\/treffen_2014_teilnehmer_IMG_4243-300x116.jpg 300w, https:\/\/victoria-ig.de\/wp-content\/uploads\/2017\/08\/treffen_2014_teilnehmer_IMG_4243-768x297.jpg 768w, https:\/\/victoria-ig.de\/wp-content\/uploads\/2017\/08\/treffen_2014_teilnehmer_IMG_4243-1024x396.jpg 1024w\" sizes=\"auto, (max-width: 300px) 100vw, 300px\" \/><\/a>M\u00f6glichst viele dieser Eigenschaften m\u00fcssen diejenigen in sich vereinigen, die in das Denkmal der Treffenausrichter eingemeisselt werden wollen. Wer dort schon verewigt ist, wei\u00df wovon ich spreche.<\/p>\n<p>Die Treffenausrichter sind diejenigen, die jedes Jahr an einer anderen Stelle die B\u00fchne aufbauen f\u00fcr \u201edas\u201c Jahresereignis der Victorianer. Die B\u00fchne will jedes Jahr gut pr\u00e4pariert sein, das kostet alle Beteiligten viel Zeit, \u00dcberlegungen, teilweise Improvisation und Geduld. Das ist man den Victorianern schuldig, die ein ganzes Wochenende ihrer knapp bemessenen und kostbaren Freizeit daf\u00fcr einbringen, viele Kilometer anreisen und Geld in die Hand nehmen, um dabei zu sein.<a href=\"https:\/\/victoria-ig.de\/wp-content\/uploads\/2017\/08\/treffen.2014_IMG_4136.jpg\"><img loading=\"lazy\" decoding=\"async\" class=\"aligncenter size-medium wp-image-1055\" src=\"https:\/\/victoria-ig.de\/wp-content\/uploads\/2017\/08\/treffen.2014_IMG_4136-300x76.jpg\" alt=\"\" width=\"300\" height=\"76\" srcset=\"https:\/\/victoria-ig.de\/wp-content\/uploads\/2017\/08\/treffen.2014_IMG_4136-300x76.jpg 300w, https:\/\/victoria-ig.de\/wp-content\/uploads\/2017\/08\/treffen.2014_IMG_4136-768x194.jpg 768w, https:\/\/victoria-ig.de\/wp-content\/uploads\/2017\/08\/treffen.2014_IMG_4136-1024x259.jpg 1024w\" sizes=\"auto, (max-width: 300px) 100vw, 300px\" \/><\/a>Der gr\u00f6\u00dfte Lohn f\u00fcr den Treffen-Ausrichter ist eine m\u00f6glichst gro\u00dfe Zahl an Victorianern, die alleine mit ihrem Kommen zum Ausdruck bringen: Ich will dabei sein, ein Wochenende im Jahr m\u00f6chte ich mit der gro\u00dfen Victoria-Familie verbringen und dem Gastgeber bekunden, dass all seine M\u00fchen f\u00fcr die Vorbereitungen richtig waren. Wenn die Besucher auf der Heimreise das Treffen nochmal in Gedanken passieren lassen und sich mit Freude an das Erlebte zur\u00fcckerinnern, dann hat sich alle M\u00fche gelohnt.<a href=\"https:\/\/victoria-ig.de\/wp-content\/uploads\/2017\/08\/treffen.oberrieden_JK-4106.jpg\"><img loading=\"lazy\" decoding=\"async\" class=\"aligncenter size-medium wp-image-1056\" src=\"https:\/\/victoria-ig.de\/wp-content\/uploads\/2017\/08\/treffen.oberrieden_JK-4106-300x81.jpg\" alt=\"\" width=\"300\" height=\"81\" srcset=\"https:\/\/victoria-ig.de\/wp-content\/uploads\/2017\/08\/treffen.oberrieden_JK-4106-300x81.jpg 300w, https:\/\/victoria-ig.de\/wp-content\/uploads\/2017\/08\/treffen.oberrieden_JK-4106-768x207.jpg 768w, https:\/\/victoria-ig.de\/wp-content\/uploads\/2017\/08\/treffen.oberrieden_JK-4106-1024x276.jpg 1024w\" sizes=\"auto, (max-width: 300px) 100vw, 300px\" \/><\/a>Wieviele Freundschaften sind hier schon entstanden, viele Benzingespr\u00e4che in durchfeierten N\u00e4chten haben schon einen nachhaltigen Aha-Effekt ausgel\u00f6st, der mit Geld nicht zu bezahlen ist, getreu nach dem Motto eines langj\u00e4hrigen Treffenbesuchers: Schlafen k\u00f6nnen wir den Rest vom Jahr.<\/p>\n<p>Niemals werden E-Mails, SMS-en oder Telefongespr\u00e4che das ersetzen k\u00f6nnen, was man auf dem Treffen erleben kann: das pers\u00f6nliche Gegen\u00fcber in einem Gespr\u00e4ch \u00fcber Dinge. die einem besch\u00e4ftigen und \u00fcber die man sich gerne mit anderen austauschen m\u00f6chte.<\/p>\n<p>Nach sehr einfachen Anf\u00e4ngen wurden \u00fcber viele Jahre liebgewordene Standards gesetzt, an die sich die Victorianer gew\u00f6hnt haben, und die wir versuchen zu erhalten. Daf\u00fcr wurde von den IG-Organisatoren eine Liste erarbeitet, die jedem zu Verf\u00fcgung gestellt wird, der ein Treffen ausrichten m\u00f6chte, dabei wird er schon in der Vorbereitung vom IG-Vorstand mit Rat und Tat unterst\u00fctzt. Bitte keine falsche Scheu, Edgar K\u00f6hnke oder Manni Sprenger ansprechen, alles weitere kann gekl\u00e4rt werden.<a href=\"https:\/\/victoria-ig.de\/wp-content\/uploads\/2017\/08\/ausfahrt_badduerkheim_IMG_3668.jpg\"><img loading=\"lazy\" decoding=\"async\" class=\"aligncenter size-medium wp-image-1054\" src=\"https:\/\/victoria-ig.de\/wp-content\/uploads\/2017\/08\/ausfahrt_badduerkheim_IMG_3668-300x115.jpg\" alt=\"\" width=\"300\" height=\"115\" srcset=\"https:\/\/victoria-ig.de\/wp-content\/uploads\/2017\/08\/ausfahrt_badduerkheim_IMG_3668-300x115.jpg 300w, https:\/\/victoria-ig.de\/wp-content\/uploads\/2017\/08\/ausfahrt_badduerkheim_IMG_3668-768x295.jpg 768w, https:\/\/victoria-ig.de\/wp-content\/uploads\/2017\/08\/ausfahrt_badduerkheim_IMG_3668-1024x394.jpg 1024w, https:\/\/victoria-ig.de\/wp-content\/uploads\/2017\/08\/ausfahrt_badduerkheim_IMG_3668.jpg 2008w\" sizes=\"auto, (max-width: 300px) 100vw, 300px\" \/><\/a>Wir sind stolz auf das bisher Geleistete. Wir brauchen uns hinter keinem Marken-Club zu verstecken, die Victorianer \u201eleben\u201c ihr Hobby!<\/p>\n<p>Wir verneigen uns in Dankbarkeit vor allen bisherigen Treffenveranstaltern, die uns ein Forum geboten haben, um den Victoria-Spirit zu erleben und weiterleben zu lassen. Wir freuen uns auf viele Treffen, die (hoffentlich) noch kommen werden, denn nur so k\u00f6nnen wir den Victoria-Spirit noch sehr lange aufleben lassen:<\/p>\n<p><strong>Tradition ist nicht die Aufbewahrung der Asche, sondern das Weitergeben der Flamme!<\/strong><\/p>\n<p>&nbsp;<\/p>\n","protected":false},"excerpt":{"rendered":"<p>Unbeschreiblich: Der Treffen-Spirit Was bedeutet das eigentlich: Victoria-Treffen? Welche Aura umgibt jedes dieser Treffen? Im Deutschen gibt es kein Wort, dass so viele zutreffende Begriffe in einem zusammenfasst. Daf\u00fcr muss ein Anglizismus bem\u00fcht werden, der all das in sich vereinigt, was eine Treffen-Aura ausmacht: SPIRIT \u2013 \u00fcbersetzt mit Geist, Seele, Stimmung, Sinn, Tatkraft, Mut, Temperament, &hellip; <a href=\"https:\/\/victoria-ig.de\/?page_id=1060\" class=\"more-link\"><span class=\"screen-reader-text\">Victoria-Treffen-Spirit<\/span> weiterlesen<\/a><\/p>\n","protected":false},"author":1,"featured_media":0,"parent":0,"menu_order":0,"comment_status":"closed","ping_status":"closed","template":"","meta":{"footnotes":""},"class_list":["post-1060","page","type-page","status-publish","hentry"],"_links":{"self":[{"href":"https:\/\/victoria-ig.de\/index.php?rest_route=\/wp\/v2\/pages\/1060","targetHints":{"allow":["GET"]}}],"collection":[{"href":"https:\/\/victoria-ig.de\/index.php?rest_route=\/wp\/v2\/pages"}],"about":[{"href":"https:\/\/victoria-ig.de\/index.php?rest_route=\/wp\/v2\/types\/page"}],"author":[{"embeddable":true,"href":"https:\/\/victoria-ig.de\/index.php?rest_route=\/wp\/v2\/users\/1"}],"replies":[{"embeddable":true,"href":"https:\/\/victoria-ig.de\/index.php?rest_route=%2Fwp%2Fv2%2Fcomments&post=1060"}],"version-history":[{"count":0,"href":"https:\/\/victoria-ig.de\/index.php?rest_route=\/wp\/v2\/pages\/1060\/revisions"}],"wp:attachment":[{"href":"https:\/\/victoria-ig.de\/index.php?rest_route=%2Fwp%2Fv2%2Fmedia&parent=1060"}],"curies":[{"name":"wp","href":"https:\/\/api.w.org\/{rel}","templated":true}]}}